*i + 8. Suppose 4*n + 182 = i*a, -2*a = 4*n - 0*n - 198. Is a composite?
True
Suppose 3*r - 8*r = 5*k + 2250, 2280 = -5*k + r. Let i = -264 - k. Is i prime?
True
Let j = 994 - 675. Is j a prime number?
False
Let t be 1*3 + (10 - 10). Let x(u) = 16*u**2 - 26*u**2 - 10*u - 4*u**t + 3*u**3 - 10. Is x(-11) composite?
True
Let r(p) = 5*p + 4. Suppose -k = -2*k - 3. Let y be r(k). Let s = 82 + y. Is s prime?
True
Suppose -3*y - 7 = -4*g, -4*g = -y - 0*g - 13. Suppose 3*u - 762 = -y*u. Is u a composite number?
False
Suppose 129*g = 119*g + 401630. Is g composite?
False
Let n = -6 - -11. Suppose -20 = n*g, 3*j - 3*g = 4*j - 533. Suppose 0 = -5*s, -3*p - 4*s = -4*p + j. Is p a composite number?
True
Let l be ((1/(-3))/(-1))/((-7)/(-21)). Is (5/5)/(l/7)*269 a composite number?
True
Let h(y) = -9*y - 29. Is h(-40) prime?
True
Suppose -2*f + f + 9357 = 0. Is f a prime number?
False
Is (-3)/(18/(-723)) - (-5)/10 a composite number?
True
Suppose 0*m + 4*m = 3200. Suppose -m = t + 3*t. Let u = -55 - t. Is u prime?
False
Suppose -18 = 3*h - 48. Suppose -2 = 4*o + h. Let g = 50 - o. Is g composite?
False
Suppose 2*c + 2*c = 5428. Is c composite?
True
Let r = -87 + -8. Let i = r + 538. Is i prime?
True
Let b(d) = -291*d + 7. Let g be b(3). Let q = -325 - g. Is q a composite number?
False
Let s = 14116 + 1237. Is s a prime number?
False
Let a be 2/11 + (-8)/44. Suppose 4*s = -a*s + 12292. Is s a composite number?
True
Suppose d - 15 = -r + 6*d, 3*r = 4*d + 23. Suppose r = 4*a - 327. Is a a prime number?
True
Suppose 26 = -5*q + 126. Suppose q*u - 16*u = -4. Is (-4237)/38*(-3 - u) composite?
False
Let c = 3388 + -1825. Is c a prime number?
False
Let h(t) be the second derivative of 2*t**4/3 + t**3/2 + 5*t**2/2 - 13*t. Is h(8) composite?
False
Let m(x) = 369*x + 10. Suppose 3*i - 3*t - 6 - 9 = 0, 0 = -4*i - 5*t + 2. Is m(i) a composite number?
False
Let f(w) = -w**3 + 2*w**2 + 3*w + 2. Let h be f(3). Suppose 5*v - h*v - 535 = -4*y, 4*y = -20. Is v a prime number?
False
Let h be ((-21)/2)/(4/56). Suppose 5*i + 513 - 2333 = 0. Let j = i + h. Is j composite?
True
Suppose -12 = -4*y, -y = -2*l + 4*y - 11. Is 492 + (-1)/(1 - l) composite?
True
Suppose 0 = -4*y + 2*g + 40, y + g - 24 = 5*g. Suppose 8625 = y*u - 6263. Is u prime?
True
Let z = -10864 - -18147. Is z a composite number?
False
Let n(z) = 57*z**3 + 4*z**2 - 5*z - 7. Is n(5) a prime number?
True
Suppose 4*g - 11*g - 4081 = 0. Let m = g + 980. Is m a composite number?
False
Suppose -3*j + 53643 = 5*f + j, 0 = 4*f - j - 42906. Is f a prime number?
False
Suppose -2*l + 69512 = 2*l + 4*s, -2*s = 0. Is l composite?
True
Let i(j) = -j**2 + 15*j - 14. Let n be i(12). Is 4/n + 30774/22 a prime number?
True
Let y(t) = -9*t**3 - t**2 - 3*t + 11. Is y(-4) a composite number?
True
Let a be (6/(-4))/(10/(-20)). Is 6 - a - (-17 + 1) a composite number?
False
Suppose 0*u = u - 481. Suppose -3*d - 102 = -4*f + u, -4*f + 584 = -4*d. Is f a prime number?
False
Suppose 18*g + 11367 - 47853 = 0. Is g a composite number?
False
Let u(b) = -b - 14. Let g be u(-16). Suppose g*j = 5*j + 744. Let z = j + 433. Is z composite?
True
Suppose -5*i - 4199 = -6*i + 2*b, 3*i - 5*b = 12598. Is i composite?
False
Suppose 4*a - 7130 = -6*a. Is a a composite number?
True
Suppose -2*j = -5*s - 8214, -7*s = 3*j - 11*s - 12314. Suppose 13*i - j = -i. Is i prime?
True
Is (-2099*(2 + -1))/(32 + -33) prime?
True
Is (-10515)/10*(-6)/9 prime?
True
Suppose 0 = -56*w + 693519 - 67271. Is w composite?
True
Suppose 0 = 48*l + 28*l - 251332. Is l composite?
False
Is 873/6*(1 + (-6)/18) prime?
True
Let q = -221 + 389. Suppose q + 2006 = 2*o. Is o prime?
True
Suppose 61220 = -10*o + 20*o. Is o a composite number?
True
Suppose 22 = 5*d + 7. Let l be (-12)/8*(-4)/d. Suppose l*p + 5*k = -p + 737, -4*p = -k - 952. Is p composite?
False
Let i(a) be the second derivative of 41*a**3/6 + 9*a**2/2 + 28*a. Is i(10) a composite number?
False
Suppose 21*u + 4654 = 23*u. Is u prime?
False
Let s(f) = 44*f**3 - 8*f**2 + 11*f - 3. Is s(4) a composite number?
False
Let y be (28/49)/((8/14)/2). Suppose 5*s = -4*l + 2337, -s - y*l = -6*s + 2349. Is s composite?
True
Suppose -10*v + 4*v = 7*v. Suppose z + 0*z + 2*h - 2835 = v, 3*h + 5663 = 2*z. Is z a composite number?
False
Let a(w) = w**2 - w + 1. Let h(l) = -22*l**3 - 2*l**2 - 8*l + 5. Let o(b) = 3*a(b) - h(b). Let i be o(6). Suppose 5*q + 5 = i. Is q a composite number?
False
Let z = -10 + 13. Let n = z - 1. Suppose 0 = n*w + 3*w - 185. Is w a prime number?
True
Suppose -252 = -r + 2687. Is r composite?
False
Let c(h) = 3*h**2 + h - 28 + 3*h + 8 - 7*h. Let u be c(-9). Is u + (3 + -2)/1 a composite number?
False
Let k(q) = 7*q - 61. Let n be k(11). Is (-10077)/(-2) + 8/n prime?
True
Let f = -657 - -201. Let c = f + 721. Is c a composite number?
True
Suppose 2*k - 40*k = -30666. Is k prime?
False
Let w(b) be the third derivative of 3*b**5/20 - b**4/12 + b**3/3 - 2*b**2. Suppose 5*i = -2*p - 19, -i = i - p + 4. Is w(i) a composite number?
False
Suppose 0 = 2*l - 3*w - 14 - 4, w = -4. Suppose -5*y + 14475 = -2*t, l*y + 3*t + 5801 = 5*y. Is y prime?
False
Suppose 2*q = 3*x - q - 30, 4*q = -x - 15. Let m(z) = z. Let v be m(2). Suppose -263 = -d - y, 0*d - x*y = -v*d + 498. Is d a composite number?
True
Suppose 376 = -2*n - 2*n. Suppose -3*s - 1000 = -5*o, 3*s = -5*o + 3*o + 379. Let j = o - n. Is j composite?
True
Let b = 7 - 4. Suppose 2*r = 9 - b. Suppose 5*u + r*m - m = 1459, -2*u = -4*m - 598. Is u a prime number?
True
Let w = -19334 - -48729. Is w a composite number?
True
Let c = -58 + -72. Let s = -37 - c. Is s prime?
False
Suppose -6*o = -2*l - 10*o + 22426, -56065 = -5*l + 5*o. Is l composite?
False
Suppose -2*t = 2*u - 6, 5 = 5*u - 3*t - 2. Let g be 3 - 3 - u - -5. Suppose -h = 5*j - 744, -3*h - j = g*j - 2177. Is h prime?
True
Suppose 0 = -5*w - k - 520 - 354, -w - k - 178 = 0. Let b = -323 - w. Let o = -31 - b. Is o prime?
False
Suppose 4*b - 3*q - 57595 = 0, -2*q = -b - 5*q + 14410. Is b composite?
False
Let h(b) = 19*b**3 - 3*b**2 + b - 2. Let p = -5 - -11. Let d = p + -3. Is h(d) a composite number?
False
Let n = -6 + 5. Is ((-1887)/(-6) - n)/(1/2) a composite number?
False
Let p = -52 - -107. Let y be (-1 - -2) + (0 - -112). Let b = y - p. Is b a prime number?
False
Suppose -4*y + 2*y = 5*l - 15, -2*y - 4*l + 18 = 0. Suppose 3*c + 0*b - 15 = 3*b, 5*c + 5*b - y = 0. Suppose -c*n + 1 = -15. Is n prime?
False
Let t(v) be the third derivative of -1/2*v**3 - 115/6*v**4 + 0*v + 0 + v**2. Is t(-2) composite?
True
Suppose -5*b = -5*v + 25, -v + 6*v + 5*b - 15 = 0. Suppose -6 = -2*j, 3817 = -2*k + v*k - 3*j. Is k composite?
False
Let p(n) = 2*n**2 + 23*n + 1777. Is p(0) composite?
False
Is 14/35*921350/4 composite?
True
Let b = 82 - 146. Let d be 4 + 4 + -4 - b. Let x = d + -33. Is x composite?
True
Suppose 2*r + 3*i - 1547 = 0, 20 = 3*i - 7*i. Suppose -2*l + 0*o - o + r = 0, -2*o = 10. Is l prime?
False
Suppose -2*k = -40 + 6. Suppose s - k = -0*s. Suppose 2*y = s + 25. Is y a prime number?
False
Let c(j) = j**2 - 11*j + 12. Let f be c(10). Suppose -f*b + b + 1567 = 0. Is b a prime number?
True
Let g(p) = 70*p**2 + 33*p + 19 - 67*p**2 - 9*p. Is g(-20) a composite number?
False
Let l(y) = 11*y**2 - 120*y + 31. Is l(-24) a composite number?
True
Let z(a) = -a**2 + 6*a - 5. Let d be z(4). Let n be 2/(-2 + (574/190 - 1)). Suppose 2*t - n = -d*t. Is t a prime number?
True
Suppose -5*k + 5*t = 5, 0*t - 31 = -5*k - 4*t. Suppose 0 = -a, -k*o + 5*a = 2*o - 10. Suppose 3*n = -o*r - 2*r + 2140, 3*n + 1626 = 3*r. Is r composite?
True
Suppose -x - 5*m = 3*x + 3597, -2*x - 1800 = 2*m. Let a = -464 - x. Is a composite?
False
Suppose -5*z = 3*i + i - 17, -4*i = 4*z - 12. Suppose m = z*m - 1876. Is m composite?
True
Let j be (-10043 - 2)/(-5) + 1. Let u = -1341 + j. Is u prime?
False
Let y be (-18*(0 - -1))/(-2). Let h(x) = 2*x**3 + 2*x**2 - 2 + y*x - 3*x**3 - 3. Is h(-7) composite?
False
Suppose 4*c - 4*p - 296 = 16, -5*p + 54 = c. Let j = 273 - c. Is j composite?
False
Suppose -3*y + 0 = -6, 5*s - 5*y = -55. Let r(h) = h**2 + 10*h + 12. Let a be r(s). Is 9864/30 - a/(-15) a prime number?
False
Suppose b - 2*c - 2 = c, -5*b + 5*c = 0. Is -1253*((-11)/11 + 1 + b) prime?
False
Suppose 2*l + 6992 = s - 21741, -3*l = 2*s - 57452. Is s a comp